04281 composite?
False
Is 10847497 a prime number?
True
Is 168597827 a composite number?
False
Is 3980611 composite?
False
Is 840643 prime?
True
Is 6429931 composite?
False
Is 12641747 composite?
False
Is 1524889 prime?
False
Is 842689 a composite number?
True
Is 1726103 composite?
False
Is 90365853 prime?
False
Is 435472549 prime?
False
Is 24849157 a composite number?
True
Is 62539377 a prime number?
False
Is 11301893 prime?
True
Is 106423819 a composite number?
False
Is 250695721 prime?
True
Is 6806777 a prime number?
True
Is 157196969 a prime number?
False
Is 66686387 prime?
False
Is 46324781 prime?
True
Is 261803 a composite number?
True
Is 37724599 composite?
True
Is 3002269 a prime number?
True
Is 3671179 a prime number?
True
Is 462562141 a composite number?
False
Is 319595299 a composite number?
False
Is 1671833 a prime number?
False
Is 151400069 composite?
False
Is 1675411 composite?
False
Is 4350057 a prime number?
False
Is 3036269 prime?
True
Is 125564129 a prime number?
False
Is 1160531 a prime number?
False
Is 8552393 a prime number?
False
Is 8751079 composite?
False
Is 3445129 a prime number?
False
Is 3873799 a prime number?
True
Is 288547 prime?
False
Is 39375991 prime?
True
Is 63143207 a composite number?
False
Is 1906423 a prime number?
False
Is 40934001 a prime number?
False
Is 667171 prime?
True
Is 41378959 a prime number?
False
Is 8592457 a prime number?
False
Is 1160749 a prime number?
True
Is 3944377 a composite number?
True
Is 25822259 prime?
True
Is 208881799 composite?
True
Is 127283207 composite?
True
Is 24254747 composite?
True
Is 81012307 composite?
False
Is 11515579 composite?
True
Is 99479414 composite?
True
Is 1562447 prime?
True
Is 75659 a prime number?
True
Is 7660805 prime?
False
Is 23350087 a prime number?
False
Is 5545681 composite?
False
Is 4373803 a composite number?
True
Is 19605489 a prime number?
False
Is 7473899 composite?
True
Is 12076643 prime?
True
Is 41495923 a composite number?
True
Is 1374491373 a composite number?
True
Is 16550507 composite?
True
Is 78011 prime?
False
Is 58481467 a composite number?
True
Is 13653197 a prime number?
True
Is 62199617 a composite number?
True
Is 10550591 a composite number?
True
Is 26807073 a composite number?
True
Is 1758461 prime?
False
Is 8572331 composite?
False
Is 6445381 a prime number?
True
Is 7074391 a prime number?
True
Is 73649815 a composite number?
True
Is 5204867 a prime number?
True
Is 511123 a composite number?
False
Is 130701377 a prime number?
False
Is 62950891 prime?
False
Is 201777647 prime?
True
Is 30975803 a composite number?
False
Is 2858821 a prime number?
False
Is 180242057 a composite number?
False
Is 55461983 composite?
True
Is 460040701 prime?
False
Is 2069657 prime?
True
Is 214433 prime?
True
Is 153630611 a composite number?
True
Is 1503829 a prime number?
True
Is 1890701 a prime number?
True
Is 2215279 prime?
False
Is 112071 a prime number?
False
Is 29990167 composite?
False
Is 147333107 a composite number?
False
Is 1536713 prime?
False
Is 309235523 a prime number?
True
Is 10687643 composite?
False
Is 4554061 prime?
False
Is 25258249 a prime number?
False
Is 489567629 composite?
False
Is 192976985 composite?
True
Is 1285987 a prime number?
False
Is 117133739 a composite number?
False
Is 2259101 a composite number?
True
Is 85435433 composite?
True
Is 522165407 composite?
False
Is 1462705 a prime number?
False
Is 13039157 prime?
True
Is 1354741243 prime?
True
Is 3044735 composite?
True
Is 882876461 prime?
True
Is 539353 prime?
False
Is 2610649 prime?
True
Is 85556635 prime?
False
Is 3195679 a composite number?
False
Is 1189103 prime?
False
Is 2072393 composite?
False
Is 114897 a composite number?
True
Is 136197123 a composite number?
True
Is 4767379 prime?
True
Is 4580561 prime?
False
Is 144552949 a prime number?
False
Is 38131121 a prime number?
False
Is 311237 composite?
False
Is 16185307 prime?
False
Is 724831 prime?
False
Is 367397 a prime number?
True
Is 1853939 prime?
True
Is 29742002 composite?
True
Is 5481251 a composite number?
False
Is 1562329 composite?
True
Is 515752607 a composite number?
True
Is 5691773 a prime number?
False
Is 164412383 prime?
False
Is 2342609 a composite number?
False
Is 10360435 a prime number?
False
Is 4753093 a composite number?
True
Is 26135855 prime?
False
Is 750917 a prime number?
True
Is 4647959 a prime number?
True
Is 64880918 prime?
False
Is 31998853 composite?
True
Is 978599 a prime number?
True
Is 1822823 prime?
True
Is 4613227 a prime number?
False
Is 45644446 composite?
True
Is 311485 a prime number?
False
Is 94050595 a composite number?
True
Is 11790802 a composite number?
True
Is 9109294 prime?
False
Is 75188753 a prime number?
True
Is 100170737 a prime number?
True
Is 3443051 a prime number?
True
Is 16141643 composite?
True
Is 3435331 prime?
True
Is 295819 prime?
True
Is 100827031 a composite number?
False
Is 1058321 a prime number?
False
Is 2139857 composite?
False
Is 3513859 prime?
True
Is 50552501 a prime number?
True
Is 2332931 prime?
True
Is 69753461 composite?
False
Is 7273921 composite?
False
Is 101013211 prime?
False
Is 1130579 composite?
False
Is 358489 composite?
True
Is 12852349 composite?
True
Is 2713589 a composite number?
False
Is 22919867 composite?
False
Is 40081103 prime?
False
Is 6019511 prime?
True
Is 720661 composite?
False
Is 754882003 prime?
True
Is 9852098 a composite number?
True
Is 85680706 a composite number?
True
Is 693649 composite?
True
Is 1580889 a composite number?
True
Is 28256638 a prime number?
False
Is 8037727 composite?
True
Is 28919623 composite?
True
Is 293670997 a prime number?
False
Is 42679057 prime?
True
Is 4641089 a prime number?
True
Is 4204799 prime?
True
Is 134837369 prime?
True
Is 263782 composite?
True
Is 71114489 composite?
False
Is 23012909 a composite number?
False
Is 209303 a prime number?
False
Is 2620073 a composite number?
False
Is 104018 a composite number?
True
Is 2453007911 prime?
False
Is 948317 prime?
True
Is 6791357 a prime number?
False
Is 913873 a prime number?
True
Is 1963567 a prime number?
True
Is 1988317 composite?
True
Is 34057759 a prime number?
True
Is 54936797 prime?
True
Is 145786633 a prime number?
False
Is 498759413 a prime number?
False
Is 103110209 a composite number?
False
Is 351115 prime?
False
Is 56420489 prime?
False
Is 82249051 prime?
False
Is 346787891 prime?
True
Is 343193 composite?
False
Is 115530473 a composite number?
False
Is 3539873 a composite number?
True
Is 91563539 prime?
False
Is 75615977 a composite number?
False
Is 51123899 composite?
True
Is 1278473 a prime number?
False
Is 73606721 composite?
False
Is 199072777 a composite number?
True
Is 6304327 prime?
False
Is 80286901 composite?
False
Is 202042 prime?
False
Is 5511683 a composite number?
False
Is 2173517 composite?
True
Is 5426677 a composite number?
False
Is 87291989 prime?
False
Is 39585319 composite?
True
Is 1231981 composite?
False
Is 38760901 composite?
True
Is 127503461 a prime number?
False
Is 295937 a prime number?
True
Is 497648839 a composite number?
False
Is 19236317 a composite number?
False
Is 42112181 prime?
False
Is 4420373 a prime number?
True
Is 451570517 a composite number?
False
Is 609220069 prime?
True
Is 154199 prime?
False
Is 255355 composite?
True
Is 9130886 prime?
False
Is 101307049 prime?
False
Is 7139299 composite?
False
Is 62946857 a prime number?
True
Is 54330179 a prime number?
False
Is 317849711 a composite number?
True
Is 1164518053 prime?
False
Is 209396861 prime?
False
Is 22111921 composite?
True
Is 16992727 a prime number?
False
Is 592705483 a prime number?
True
Is 6044321 prime?
True
Is 3364979 composite?
False
Is 1418849 a prime number?
True
Is 18145801 prime?
True
Is 55377083 a prime number?
False
Is 20646337 a composite number?
True
Is 4384577 a prime number?
True
Is 124912693 a prime number?
False
Is 3209303 a prime number?
False
Is 25077457 composite?
False
Is 178162279 composite?
True
Is 48128531 prime?
False
Is 127353 a composite number?
True
Is 1162412855 a composite number?
True
Is 1290901 a prime number?
True
Is 2835359 prime?
False
Is 39740749 a prime number?
False
Is 46510843 composite?
False
Is 23249023 a composite number?
True
Is 215229029 prime?
False
Is 939637 prime?
False
Is 13985051 a 